 (7 - 4)*w/3?
2
Suppose -3*k - 3*u = -201, -k - u - 2*u + 65 = 0. What is the tens digit of k?
6
Let n(r) = r**2 + 13*r - 11. Let b = -19 - -5. What is the units digit of n(b)?
3
Let p = -1 - 1. Let v be -2 + p*(-2)/2. Let q = 10 + v. What is the tens digit of q?
1
Suppose j + 8*y - 3*y = 38, 0 = -5*y. Suppose -24 = -2*s + j. What is the units digit of s?
1
Let m be -8 + 11 + 49*1. Suppose 3*y = 7*y - m. Suppose -2*z + y = -19. What is the tens digit of z?
1
Let m be (-17)/(-5) - (-2)/(-5). Suppose 3*p - 2*q - 63 = -m*q, -15 = 5*q. What is the tens digit of p?
2
Suppose -3*j + j + 4 = 0. Suppose -j*f = 3*f - 175. What is the units digit of f?
5
Suppose 0 = 2*t - 230. What is the units digit of t?
5
Suppose -10 + 34 = 4*p. Let s = 1 + -7. What is the units digit of 34/p + (-2)/s?
6
Suppose -441 = -5*a + 2*z, a + 2*a = -5*z + 277. What is the units digit of a?
9
Suppose m - 6 = -4*a + 3*m, 5*a - 1 = -4*m. What is the units digit of a*27 + -8 + 11?
0
Let i(v) be the second derivative of v**4/6 - 7*v**3/6 - 4*v. Let q = 14 + -9. What is the units digit of i(q)?
5
Let h(w) = w**2 - 11*w + 38. What is the hundreds digit of h(18)?
1
Suppose 3*m + 1 - 7 = 0. Suppose 36 = z - 4*y, 2*z + m*z - y = 84. What is the tens digit of z?
2
Suppose 13*k - 118 - 168 = 0. What is the units digit of k?
2
Let k(f) = -f**2 - 8*f - 2. Let o(r) = 5*r**2 + 41*r + 9. Let a = 15 - 26. Let z(g) = a*k(g) - 2*o(g). What is the units digit of z(-7)?
1
Let x(n) = n**3 + 6*n**2 - 6*n + 4. Let q be x(-7). Let k(u) = -4*u - 4. What is the units digit of k(q)?
8
Suppose 4*k - 2*u - 1334 = 0, -u - 1672 = -5*k - 3*u. What is the units digit of k?
4
Let s be ((-3 - -2) + -1)*-1. Suppose 0 = -2*t - s*q + 44, 2*q = -q - 15. What is the units digit of t?
7
Let x be 3/((-14)/(-8) - 1). Suppose 5*j + 5*r - 40 = 0, 3*j + 5*r = 20 + x. What is the units digit of j?
8
Suppose 0 = -3*a - 0*a + 162. What is the units digit of a?
4
Suppose -d - 3*t + 119 = 0, t + 12 = -3*t. What is the tens digit of d?
2
Suppose 5*i = -x - 6, 4*i = x + x - 16. Let v(h) = 3*h + 5. What is the tens digit of v(x)?
1
Let g = -313 + 530. Suppose -4*m + g = 41. What is the tens digit of m?
4
Let h(m) be the first derivative of 5*m**4/24 + 3*m**2/2 + 2. Let o(s) be the second derivative of h(s). What is the units digit of o(2)?
0
Suppose -y - 15 = -26. Let m = -7 + y. What is the units digit of m?
4
Suppose 2*z - 2 - 6 = 0. Suppose z*i - v - 15 = 0, 4*i + v = 3*v + 10. What is the units digit of i?
5
Let u(d) = -2*d + 2*d + d. Let q = -5 + 10. What is the units digit of u(q)?
5
Suppose 6*o = 432 + 234. What is the units digit of o?
1
Suppose 5 = 4*h - 27. Suppose -5*g - 4*n + 28 = -9, -4*n = h. What is the units digit of g?
9
Suppose -13 = -6*i + 4*i - 3*a, 0 = a - 1. Let y(z) = -z - 10. Let q be y(-10). Suppose 4*l - 20 = -q*x - x, i*x = 5*l. What is the units digit of x?
4
Suppose 0 = 5*j - 15, r + 12 = -3*r + 4*j. Suppose 2*s = -r*s. Suppose 33 = 3*b - 3*p + 6*p, s = 4*b + 2*p - 40. What is the units digit of b?
9
Suppose 4*v - 2*c - 142 = 0, -2*v - 3*c - 102 = -5*v. What is the tens digit of v?
3
Let k(g) = g**2 - g + 2. Let r be k(5). Suppose 0 = 4*u + 3*a - 42, -u = -3*a + 4 - r. What is the tens digit of u?
1
Suppose 3*y + 5 = 14. Suppose 4*r = r + y. What is the units digit of r?
1
Suppose -5*b + 8*b = 90. What is the units digit of b?
0
Suppose 4*q + 0*q + 16 = 0. Let i be 2/q - 45/6. Let w = -2 - i. What is the units digit of w?
6
Let f(d) be the third derivative of d**6/120 + d**5/60 - d**4/6 - 3*d**2. What is the units digit of f(3)?
4
Suppose 33 = 3*z - u, -2*z + 5*u + 39 = 4. What is the tens digit of 46/(-4)*z/(-5)?
2
What is the units digit of (-2)/(-13) + 206/13?
6
Suppose 18*n - 12*n - 696 = 0. What is the units digit of n?
6
Suppose 0 = -n - w + 1, w = -3*n - n + 13. What is the units digit of 35/25 + n/(-10)?
1
Suppose 2*g - 230 = -5*p, 2*g = 4*p + g - 171. What is the tens digit of p?
4
Suppose -n - 4*n = -220. Suppose v - 3*v = -n. What is the units digit of v?
2
Let k(j) = -50*j + 4. What is the tens digit of k(-1)?
5
Let o(s) be the third derivative of s**4/12 + s**3/3 - s**2. What is the units digit of o(0)?
2
Suppose -50 = -r + 74. What is the tens digit of r?
2
Let x be 1*(-3)/(3/(-1)). Let r be -1*(3 + -6 - x). Suppose -r*t + 19 = -29. What is the tens digit of t?
1
Let x(o) = 8*o**2 + 3*o + 6. Let w(n) = -n**2 - n - 1. Let i = -7 + 13. Let l(h) = i*w(h) + x(h). What is the units digit of l(2)?
2
What is the tens digit of (-2)/(-12)*2 - 1491/(-9)?
6
Let p be (-76)/(-6) - (-4)/12. What is the units digit of (-13)/p - (-1 + -32)?
2
Let g be 20/6 - 2/6. Suppose -2*u - 8 = i, -g*i - 4 - 2 = 0. What is the units digit of (-2)/u*(3 + 0)?
2
Let s(a) = 0 - 1 + 0*a**2 + 4*a**2 + 2*a - 4*a. What is the units digit of s(2)?
1
Suppose -60 = -3*n - x + 2*x, -3*n = -3*x - 54. What is the tens digit of n?
2
What is the units digit of 4466/(-44)*(1 + -3)?
3
Suppose u = 4*b + 7, -5*b - 5 + 30 = -5*u. Let h(a) = -2*a - 1. What is the units digit of h(u)?
7
Let j(l) = -5*l - 2. What is the units digit of j(-3)?
3
What is the units digit of 2/7 + 486/63?
8
Let o(s) = 102*s**2 - 1. What is the hundreds digit of o(-1)?
1
Suppose 2*x - 2 = -6. Let b = x - -2. Suppose 2*g - 2 = -b. What is the units digit of g?
1
Let m(p) be the second derivative of p**4/12 - 4*p**3/3 - 9*p**2/2 - 5*p. Suppose -2*l + 0*l + 20 = 0. What is the tens digit of m(l)?
1
Suppose 3*b + 5*b = 1608. What is the hundreds digit of b?
2
Suppose 3*l - 363 = -3*x, -184 + 809 = 5*l - 5*x. What is the hundreds digit of l?
1
Let m(b) = -b**2 + 4. Let w be m(0). Let u be (-3 + 0 + w)*0. Suppose r + 1 - 2 = u, -4*x + 2*r + 26 = 0. What is the units digit of x?
7
Let n be 122/14 + (-8)/(-28). Let r(m) be the first derivative of m**2 - 12*m + 1. What is the units digit of r(n)?
6
Let c(q) = 3*q**2 - 10*q + 11. What is the units digit of c(5)?
6
Suppose 4*l + l - 415 = -5*u, -5*u = -l + 107. What is the tens digit of l?
8
Let n = 3 - -1. Suppose -y = -n*y + 108. What is the units digit of ((-12)/(-18))/(2/y)?
2
Suppose -2*r + 5*s = -28, 0 = -4*r + 4*s + 28 + 4. What is the units digit of r?
4
What is the units digit of (14 + -15)*(0 + -43)?
3
Let z(b) be the third derivative of b**6/120 - b**5/30 - b**4/8 - b**3/2 - 2*b**2. Let x be (-84)/(-20) + 3/(-15). What is the units digit of z(x)?
7
Let i(k) = -2*k**3 - 4*k**2 - 5*k + 12. What is the hundreds digit of i(-5)?
1
Let b(m) = 2*m**3 + 21*m**2 + 12*m + 5. Let u be b(-10). Let o be (1 + -1 - 86) + 1. What is the units digit of (o/u)/(2/6)?
7
Suppose 6*n - m = 5*n + 35, -4*n - 5*m + 104 = 0. What is the tens digit of n?
3
Let a = 20 - 14. What is the units digit of a?
6
Let r = -13 - -26. What is the tens digit of r?
1
Let z be 3/(4 + (-2 - 1)). Suppose 10 = z*w - 8. What is the units digit of w?
6
What is the tens digit of 213 + -2 + (-15)/(-5)?
1
Let s(m) = -m**3 + 3*m**2 - 3*m + 2. Let h be s(2). Let g be ((-1)/(-1))/(4/32). Let r = h + g. What is the units digit of r?
8
Suppose 9*n - 4*n = 3*r - 317, 0 = -5*r + 5*n + 515. What is the units digit of r?
9
What is the units digit of (-10)/30 - 133/(-3)?
4
Let m(f) = -f**3 + 5*f. Let k be m(-5). Suppose 3*y = 8*y + k. Let g = 30 + y. What is the units digit of g?
0
Let m = -16 - -73. Let g = 84 - m. What is the tens digit of g?
2
Suppose -4*t + 5*c = -28, -2*t = -0*t - 5*c - 4. Suppose -3*y = -4*y - 1, f + y = t. What is the units digit of f?
3
Let r(p) = -p + 2. Let w be (0/((-3)/3))/(-1). What is the units digit of r(w)?
2
Let n(i) = -3*i**2 - 5*i + 1. Let g(s) = -2*s**2 - 2*s. Let v(c) = -5*g(c) + 3*n(c). Let r be v(5). Suppose -1 = -4*j + r. What is the units digit of j?
1
Suppose -3*w - 2*c - 1 = 4, -c = 4. Let h be (-18)/4*(-8)/12. Suppose h*v = -q + 11, 5*q - 5*v + w = -4. What is the units digit of q?
2
Let m be (-12)/30 - (-34)/10. Suppose 109 + 67 = 4*x. Suppose m*c = -5 + x. What is the tens digit of c?
1
Let d(z) = 11*z**2 - 2*z. What is the units digit of d(-2)?
8
Suppose 0 = -5*f + p - 56, 4*f + 41 = -0*f - 3*p. What is the tens digit of (-409)/f - (-4)/(-22)?
3
Let k = 15 + -10. Let f = -3 + k. Suppose -2*a - f*a = -8. What is the units digit of a?
2
Let u(a) = a + 4. Let x be u(-3). Suppose 0 = 2*y - 6*y - 5*f + 14, -y = f - 4. Let p